{"id":453,"date":"2024-11-18T17:14:29","date_gmt":"2024-11-18T16:14:29","guid":{"rendered":"http:\/\/www.sylvainandco.ch\/\/product\/croqmenu-berlin\/"},"modified":"2024-11-25T09:48:29","modified_gmt":"2024-11-25T08:48:29","slug":"croq-lunch-berlin","status":"publish","type":"syl_product","link":"https:\/\/www.sylvainandco.ch\/de\/products\/croq-salades\/croq-lunch-berlin","title":{"rendered":"Croq&#8217;Lunch Berlin"},"content":{"rendered":"<p>Croq&#8217;Lunch Berlin\u00a0<strong>240g<\/strong><\/p>\n<p><strong>Zutaten:<\/strong>\u00a0Mischsalat, Salatsauce (enth\u00e4lt SENF, EIER, SOJA, SULFITE), Cherry Tomate, Cervelas, Gruy\u00e8re-K\u00c4SE, CROUTONS<\/p>\n","protected":false},"excerpt":{"rendered":"<p>Croq&#8217;Lunch Berlin\u00a0240g Zutaten:\u00a0Mischsalat, Salatsauce (enth\u00e4lt SENF, EIER, SOJA, SULFITE), Cherry Tomate, Cervelas, Gruy\u00e8re-K\u00c4SE, CROUTONS<\/p>\n","protected":false},"featured_media":279,"template":"","syl_product_cat":[99],"syl_product_attribute":[107,104,105,106,110],"syl_product_dietary":[],"syl_product_unit":[96],"class_list":["post-453","syl_product","type-syl_product","status-publish","has-post-thumbnail","hentry","syl_product_cat-croq-salades","syl_product_attribute-eiweiss","syl_product_attribute-energie","syl_product_attribute-fett-davon-gesaettigte-fettsaeuren","syl_product_attribute-kohlenhydrate-davon-zucker","syl_product_attribute-salz","syl_product_unit-100g"],"acf":[],"_links":{"self":[{"href":"https:\/\/www.sylvainandco.ch\/de\/wp-json\/wp\/v2\/syl_product\/453","targetHints":{"allow":["GET"]}}],"collection":[{"href":"https:\/\/www.sylvainandco.ch\/de\/wp-json\/wp\/v2\/syl_product"}],"about":[{"href":"https:\/\/www.sylvainandco.ch\/de\/wp-json\/wp\/v2\/types\/syl_product"}],"wp:featuredmedia":[{"embeddable":true,"href":"https:\/\/www.sylvainandco.ch\/de\/wp-json\/wp\/v2\/media\/279"}],"wp:attachment":[{"href":"https:\/\/www.sylvainandco.ch\/de\/wp-json\/wp\/v2\/media?parent=453"}],"wp:term":[{"taxonomy":"syl_product_cat","embeddable":true,"href":"https:\/\/www.sylvainandco.ch\/de\/wp-json\/wp\/v2\/syl_product_cat?post=453"},{"taxonomy":"syl_product_attribute","embeddable":true,"href":"https:\/\/www.sylvainandco.ch\/de\/wp-json\/wp\/v2\/syl_product_attribute?post=453"},{"taxonomy":"syl_product_dietary","embeddable":true,"href":"https:\/\/www.sylvainandco.ch\/de\/wp-json\/wp\/v2\/syl_product_dietary?post=453"},{"taxonomy":"syl_product_unit","embeddable":true,"href":"https:\/\/www.sylvainandco.ch\/de\/wp-json\/wp\/v2\/syl_product_unit?post=453"}],"curies":[{"name":"wp","href":"https:\/\/api.w.org\/{rel}","templated":true}]}}

<p>Croq&#8217;Lunch Berlin <strong>240g</strong></p>
<p><strong>Zutaten:</strong> Mischsalat, Salatsauce (enthält SENF, EIER, SOJA, SULFITE), Cherry Tomate, Cervelas, Gruyère-KÄSE, CROUTONS</p>

<p>Croq&#8217;Lunch Berlin 240g Zutaten: Mischsalat, Salatsauce (enthält SENF, EIER, SOJA, SULFITE), Cherry Tomate, Cervelas, Gruyère-KÄSE, CROUTONS</p>
