{"id":77,"date":"2024-11-18T16:53:41","date_gmt":"2024-11-18T15:53:41","guid":{"rendered":"http:\/\/www.sylvainandco.ch\/\/?post_type=syl_product&#038;p=77"},"modified":"2024-11-25T09:44:57","modified_gmt":"2024-11-25T08:44:57","slug":"melee-emincee","status":"publish","type":"syl_product","link":"https:\/\/www.sylvainandco.ch\/fr\/products\/salads\/melee-emincee","title":{"rendered":"M\u00eal\u00e9e \u00e9minc\u00e9e"},"content":{"rendered":"<p>M\u00eal\u00e9e \u00e9minc\u00e9e 3mm\u00a0<strong>250g<\/strong><\/p>\n<p><strong>Composition :\u00a0<\/strong>scarole, pain de sucre, tr\u00e9vise, fris\u00e9e, iceberg<\/p>\n","protected":false},"excerpt":{"rendered":"<p>M\u00eal\u00e9e \u00e9minc\u00e9e 3mm\u00a0250g Composition :\u00a0scarole, pain de sucre, tr\u00e9vise, fris\u00e9e, iceberg<\/p>\n","protected":false},"featured_media":78,"template":"","syl_product_cat":[6],"syl_product_attribute":[],"syl_product_dietary":[],"syl_product_unit":[],"class_list":["post-77","syl_product","type-syl_product","status-publish","has-post-thumbnail","hentry","syl_product_cat-salads"],"acf":[],"_links":{"self":[{"href":"https:\/\/www.sylvainandco.ch\/fr\/wp-json\/wp\/v2\/syl_product\/77","targetHints":{"allow":["GET"]}}],"collection":[{"href":"https:\/\/www.sylvainandco.ch\/fr\/wp-json\/wp\/v2\/syl_product"}],"about":[{"href":"https:\/\/www.sylvainandco.ch\/fr\/wp-json\/wp\/v2\/types\/syl_product"}],"wp:featuredmedia":[{"embeddable":true,"href":"https:\/\/www.sylvainandco.ch\/fr\/wp-json\/wp\/v2\/media\/78"}],"wp:attachment":[{"href":"https:\/\/www.sylvainandco.ch\/fr\/wp-json\/wp\/v2\/media?parent=77"}],"wp:term":[{"taxonomy":"syl_product_cat","embeddable":true,"href":"https:\/\/www.sylvainandco.ch\/fr\/wp-json\/wp\/v2\/syl_product_cat?post=77"},{"taxonomy":"syl_product_attribute","embeddable":true,"href":"https:\/\/www.sylvainandco.ch\/fr\/wp-json\/wp\/v2\/syl_product_attribute?post=77"},{"taxonomy":"syl_product_dietary","embeddable":true,"href":"https:\/\/www.sylvainandco.ch\/fr\/wp-json\/wp\/v2\/syl_product_dietary?post=77"},{"taxonomy":"syl_product_unit","embeddable":true,"href":"https:\/\/www.sylvainandco.ch\/fr\/wp-json\/wp\/v2\/syl_product_unit?post=77"}],"curies":[{"name":"wp","href":"https:\/\/api.w.org\/{rel}","templated":true}]}}

Mêlée émincée

<p>Mêlée émincée 3mm <strong>250g</strong></p>
<p><strong>Composition : </strong>scarole, pain de sucre, trévise, frisée, iceberg</p>

<p>Mêlée émincée 3mm 250g Composition : scarole, pain de sucre, trévise, frisée, iceberg</p>
